 ten thousands digit of 168742425?
4
What is the units digit of 32254621?
1
What is the hundreds digit of 540128835?
8
What is the ten millions digit of 287977877?
8
What is the thousands digit of 740934263?
4
What is the thousands digit of 1003322075?
2
What is the ten thousands digit of 825385032?
8
What is the hundreds digit of 29984303?
3
What is the millions digit of 7802676?
7
What is the ten millions digit of 220211740?
2
What is the tens digit of 30001115?
1
What is the hundred thousands digit of 56597945?
5
What is the units digit of 3321239762?
2
What is the hundred millions digit of 484681172?
4
What is the ten thousands digit of 290525658?
2
What is the hundreds digit of 215763709?
7
What is the units digit of 844005909?
9
What is the ten millions digit of 38206766?
3
What is the units digit of 3876181616?
6
What is the tens digit of 5890520226?
2
What is the ten thousands digit of 102585139?
8
What is the ten thousands digit of 102169935?
6
What is the millions digit of 4942866316?
2
What is the millions digit of 3412108268?
2
What is the hundreds digit of 188170994?
9
What is the thousands digit of 2166871960?
1
What is the units digit of 946978729?
9
What is the units digit of 151832524?
4
What is the tens digit of 68569028?
2
What is the millions digit of 132533995?
2
What is the units digit of 798748701?
1
What is the tens digit of 74306146?
4
What is the hundreds digit of 55829121?
1
What is the ten thousands digit of 1323526846?
2
What is the thousands digit of 1008487331?
7
What is the thousands digit of 50489493?
9
What is the units digit of 1290431349?
9
What is the hundred millions digit of 1292212333?
2
What is the units digit of 204712460?
0
What is the hundred thousands digit of 23323841?
3
What is the hundreds digit of 1024524162?
1
What is the tens digit of 513940649?
4
What is the hundred thousands digit of 44568820?
5
What is the hundred thousands digit of 1096401036?
4
What is the units digit of 76001131?
1
What is the tens digit of 428421267?
6
What is the units digit of 1296468978?
8
What is the ten thousands digit of 124813192?
1
What is the units digit of 673181826?
6
What is the ten millions digit of 29589653?
2
What is the tens digit of 746512233?
3
What is the ten thousands digit of 8091503?
9
What is the ten thousands digit of 487368085?
6
What is the units digit of 1152193062?
2
What is the millions digit of 1113419610?
3
What is the ten thousands digit of 869388889?
8
What is the units digit of 27196825?
5
What is the units digit of 38065049?
9
What is the ten thousands digit of 258701802?
0
What is the hundreds digit of 2343767?
7
What is the tens digit of 112186335?
3
What is the tens digit of 158578406?
0
What is the ten thousands digit of 15889753?
8
What is the tens digit of 58723447?
4
What is the ten thousands digit of 912632865?
3
What is the ten thousands digit of 315513473?
1
What is the ten millions digit of 724510507?
2
What is the ten millions digit of 182299606?
8
What is the ten millions digit of 4409256460?
0
What is the tens digit of 1000490252?
5
What is the millions digit of 1226959505?
6
What is the units digit of 85624098?
8
What is the hundred thousands digit of 6287959?
2
What is the hundred millions digit of 3477875057?
4
What is the units digit of 716214210?
0
What is the tens digit of 1856190548?
4
What is the hundreds digit of 532189673?
6
What is the hundred millions digit of 108844034?
1
What is the thousands digit of 10203566?
3
What is the ten thousands digit of 631311570?
1
What is the ten millions digit of 18373863?
1
What is the ten millions digit of 344913755?
4
What is the hundred thousands digit of 3202916981?
9
What is the hundred millions digit of 1758079228?
7
What is the thousands digit of 40863400?
3
What is the tens digit of 164628907?
0
What is the ten thousands digit of 120365396?
6
What is the hundred thousands digit of 231419347?
4
What is the ten millions digit of 113193477?
1
What is the ten thousands digit of 352021137?
2
What is the hundreds digit of 108727993?
9
What is the units digit of 200088424?
4
What is the tens digit of 90124306?
0
What is the hundred thousands digit of 43034614?
0
What is the hundred thousands digit of 9053494?
0
What is the tens digit of 185987603?
0
What is the units digit of 483087390?
0
What is the hundred thousands digit of 1561236511?
2
What is the billions digit of 1715970743?
1
What is the ten millions digit of 45047050?
4
What is the tens digit of 141703038?
3
What is the ten millions digit of 1656535444?
5
What is the hundreds digit of 2944248834?
8
What is the thousands digit of 1170502414?
2
What is the ten millions digit of 1056537200?
5
What is the units digit of 125809227?
7
What is the units digit of 347379584?
4
What is the thousands digit of 2750629068?
9
What is the hundred millions digit of 441779049?
4
What is the hundred thousands digit of 35907251?
9
What is the tens digit of 47309704?
0
What is the ten thousands digit of 66899701?
9
What is the thousands digit of 2972567?
2
What is the hundred thousands digit of 1186728174?
7
What is the ten thousands digit of 84124694?
2
What is the ten thousands digit of 12290347?
9
What is the hundred thousands digit of 225554177?
5
What is the hundreds digit of 15759342?
3
What is the millions digit of 710332518?
0
What is the tens digit of 6157441597?
9
What is the units digit of 936431593?
3
What is the tens digit of 71088046?
4
What is the units digit of 31739983?
3
What is the ten thousands digit of 17478694?
7
What is the hundreds digit of 253580743?
7
What is the units digit of 203666827?
7
What is the hundreds digit of 71684509?
5
What is the hundreds digit of 140932525?
5
What is the ten thousands digit of 75251136?
5
What is the hundred millions digit of 412617083?
4
What is the ten thousands digit of 43416886?
1
What is the hundreds digit of 919411314?
3
What is the thousands digit of 53220218?
0
What is the units digit of 115264775?
5
What is the hundreds digit of 630107?
1
What is the hundred thousands digit of 1173194183?
1
What is the units digit of 19932976?
6
What is the ten millions digit of 3117072024?
1
What is the millions digit of 300975942?
0
What is the hundred millions digit of 230928986?
2
What is the ten thousands digit of 898080041?
8
What is the hundred millions digit of 1253690595?
2
What is the units digit of 30900140?
0
What is the hundred millions digit of 855687153?
8
What is the tens digit of 6792378708?
0
What is the hundred millions digit of 193037590?
1
What is the hundred millions digit of 370956688?
3
What is the tens digit of 4438643944?
4
What is the units digit of 94627345?
5
What is the millions digit of 115919710?
5
What is the tens digit of 6506962?
6
What is the hundred millions digit of 830540078?
8
What is the tens digit of 20657278?
7
What is the hundred thousands digit of 2641602544?
6
What is the thousands digit of 23521916?
1
What is the ten thousands digit of 1340955859?
5
What is the millions digit of 2504963622?
4
What is the ten millions digit of 19281082?
1
What is the hundreds digit of 3957772904?
9
What is the hundred millions digit of 795542927?
7
What is the tens digit of 45363466?
6
What is the thousands digit of 1852914738?
4
What is the units digit of 2294637356?
6
What is the thousands digit of 532926585?
6
What is the hundred thousands digit of 53242178?
2
What is the thousands digit of 19262180?
2
What is the units digit of 30142744?
4
What is the millions digit of 18444424?
8
What is the tens digit of 425380236?
3
What is the units digit of 120294278?
8
What is the ten millions digit of 98657829?
9
What is the hundred millions digit of 1300097376?
3
What is the hundred millions digit of 1010718548?
0
What is the units digit of 6025070564?
4
What is the units digit of 1600339538?
8
What is the ten thousands digit of 2842817158?
1
What is the millions digit of 40165931?
0
What is the tens digit of 59676710?
1
What is the millions digit of 83872929?
3
What is the ten thousands digit of 1411392993?
9
What is the tens digit of 91591114?
1
What is the millions digit of 2875024203?
5
What is the billions digit of 1355684369?
1
What is the millions digit of 819756194?
9
What is the hundred millions digi